 - 5)
0
What is the value of -13 - (-43 - (22 - 28)) - (1 - -6)?
17
What is the value of -1 + 15 + -32 - -8?
-10
(36 + -31 - (5 - -2)) + 7
5
Calculate 8 - (46 + -30) - (0 + 1).
-9
Evaluate (10 - (-8 - -27)) + 0 + -8.
-17
(-4 - 12 - -10) + 9
3
What is the value of (3 - (-8 + 8)) + -9 - 2?
-8
12 + -31 + 17 + 7
5
Calculate 14 + 0 + -9 + 1 + -5.
1
Evaluate -18 - (13 + -49) - (6 + 0).
12
Calculate 11 - (-15 + 2 + 24).
0
-2 + (2 + 8 + -17 - -11) + -7
-5
What is the value of -328 + 338 + -11 + -3 + 0?
-4
What is the value of -5 - (1 + 1) - -3 - (4 + 2)?
-10
What is 29 + (-1 - 3 - (-5 - -12))?
18
-5 + -3 + -1 + (-70 - -63)
-16
What is the value of 4 - (-2 - (-6 - 12) - 6 - 5)?
-1
Evaluate 5 - (2 + (1 + 3 - 2)) - -6.
7
(-1 - (5 + -2)) + 33 + (-20 - -2)
11
What is (-16 + 18 - (-2 + -2)) + 13?
19
Evaluate 0 - -3 - (-2 + (-5 - -1) + 10).
-1
What is the value of 6 - (-22 - (-19 + 8))?
17
What is the value of 3 - ((-12 - -11) + 8 - 1) - 2?
-5
Calculate 15 + (-19 + 4 + 3 - -6).
9
Calculate 7 - 10 - (-11 - -2).
6
What is the value of -1 - 5 - (-92 - -77)?
9
1 - -1 - (-385 + 381)
6
What is -9 + 20 + (-3 - (6 - 7)) + -2?
7
What is -4 + 10 - (-2 + -4 - (-7 + -27))?
-22
(3 - (-4 - (-10 - (1 + 1)))) + 10
5
(9 - (23 + 7)) + -1 - (2 + -10)
-14
What is 5 + (2 - 1) - (-111 - -102)?
15
Calculate 16 + -2 - (23 + -6).
-3
-10 + (-2 - -15 - 10 - -2)
-5
What is the value of -40 + 38 - (0 + 7)?
-9
(10 - (15 + 20)) + 35
10
Evaluate -37 - (-113 + 80) - (-13 + -1 - 2).
12
50 + -52 + (-1 - 3) + -1 + 2
-5
Evaluate -9 + 10 - (-1 - (-13 + 1)).
-10
Evaluate 0 + -11 - ((-62 - -57) + (12 - -3)).
-21
What is the value of (1 - (0 - -7)) + (-13 - -5)?
-14
2 + 1 + -51 + 36 - 12
-24
(-2 - -7) + -15 + 16 + -10
-4
What is the value of 28 + -33 - 3 - (0 + 2 + 6)?
-16
What is the value of 14 + (-3 - -14 - 15) - 17?
-7
What is -1 + -22 + -11 + -10 + 17 + 8?
-19
32 + -32 + (1 - -17)
18
What is 11 - (6 - (17 - (-8 + 8)))?
22
What is the value of (7 - 4) + 2 - -2 - (-4 - 4)?
15
Calculate -8 + 14 + (1 - (8 - 8 - 3)).
10
What is (-9 + 4 - -4 - 17) + 5?
-13
What is (-2 - 5) + (-9 - (12 - 22)) - 2?
-8
What is -596 + 548 + (24 - 1)?
-25
-2 + (22 - 23 - (-3 + 8))
-8
What is the value of 126 - 135 - (-2 + -1)?
-6
What is the value of -21 + -1 + 14 - -1?
-7
Evaluate (-1 - -19) + (157 - 181).
-6
Calculate -3 - -4 - -1 - (-14 - -16).
0
Calculate (-12 - -2) + 15 + -1 + -13.
-9
What is the value of 22 - (-11 - (17 + -38))?
12
6 + (1 - (6 + 3)) + 6
4
Calculate 19 + (12 - 9 - 4).
18
What is 6 + 3 - (-7 - -28 - 7)?
-5
Calculate 36 - (1 + (9 - (-8 + 1))).
19
What is the value of 13 + -12 + 4 + -18 + 14?
1
13 - ((-1 - -1) + 9 + 0)
4
What is the value of (-1 - 0) + 9 + (18 - 38)?
-12
0 + (12 - 4 - 19) + 16
5
Evaluate 5 + (2 + -1 - 2) - (-8 + 6).
6
What is the value of -22 + 0 + -12 + (-7 - -12) + 8?
-21
Evaluate -1 + -1 + (-67 - -79) + (-6 - 21).
-17
What is the value of -11 - (14 + -23) - (-7 - -3 - 4)?
6
Evaluate (9 - (-10 - (4 - (-9 - -42)))) + 14.
4
Calculate -3 - (-6 + (14 - (1 - 7)) - 6).
-11
Evaluate (-9 + -18 + 15 - (-4 + 2)) + 30.
20
6 + -9 + 5 + 3 + -1 + -8
-4
What is (0 + -4 - -2) + (6 - 0) - 0?
4
Evaluate (-19 - -5) + (-44 - -37).
-21
Calculate 276 + -288 + -6 + 1 + -1.
-18
Evaluate 3 + (5 - (-10 - -9 - -1)).
8
What is the value of -6 - ((-2 - -1) + 1 - (-19 - -35))?
10
26 + -11 + -21 + -9
-15
Evaluate 72 + -63 - (-4 + -4).
17
Evaluate 27 + (15 - (-5 + (10 - -10))).
27
Evaluate -10 + -8 + 6 - (-2 - (-5 + 9)).
-6
What is 0 + -13 + (1 - -14)?
2
What is the value of (20 - 46) + 29 - (9 + -1)?
-5
(-23 - -1) + 14 + -3
-11
Evaluate (0 - -4) + 89 + -88.
5
39 - 57 - (10 + -2 + 0)
-26
Calculate 48 + (-17 - -16) + -2 - 14.
31
Calculate 24 - (-2 + (-9 - (-9 + -7))).
19
156 - 153 - (0 + (3 - 1) - -5)
-4
Calculate -4 + -14 - 9 - -19.
-8
What is 0 + -15 + -9 + 21 - (3 + -1)?
-5
Evaluate -12 - ((-15 - -9) + 5 + 3 - 9).
-5
What is the value of -7 + (3 - -3) + -5 + 8?
2
Calculate -7 - -2 - (9 + -10 + 5 + -5).
-4
Calculate 0 + (-10 + 20 - 5) - (-3 + 10).
-2
Evaluate -112 + 92 - (-1 + 0 - 6).
-13
What is the value of (-9 - -8 - 11) + -1?
-13
What is the value of 15 + -7 - 11 - 27?
-30
Evaluate 3 + (5 - (-3 - -3) - (16 + -13)).
5
-1 + 3 + (-13 + 0 - (-53 + 46))
-4
18 + -24 - ((2 - -1 - 2) + -7)
0
Calculate (59 - 67) + -2 + (6 - 3).
-7
9 + -1 + (-9 - (7 - 6 - -6))
-8
What is -13 + 16 + -6 + 2?
-1
Calculate 0 + (38 - 7) + -26.
5
What is 1 + (10 + -5 - 11) - (-2 + 3)?
-6
What is the value of 18 - (14 + (18 + -7 - -34))?
-41
What is (-28 - 4) + (-6 - (-25 + 11))?
-24
Evaluate (0 - -1 - 0) + (707 - 718).
-10
Calculate -2 + 4 + 3 + (-32 - -22).
-5
What is the value of 16 + -15 + (7 - (2 - -1) - -3)?
8
Evaluate 17 - 22 - 13 - 1 - -14.
-5
-43 - (-12 + (-27 - -19))
-23
What is the value of 11 + (-13 - 6) + -3 + 1?
-10
What is the value of -1 + (4 - -1 - (1 + 9 + -4))?
-2
(2 - (3 - -6)) + (20 - 11)
2
Evaluate 2 + 1 + 63 + (73 - 146).
-7
What is the value of 2 + ((-8 - -8 - 0) + -1 - -19)?
20
-1 + (-10 - (1 - 18))
6
Evaluate -12 + (-4 - ((-21 - -14) + 0 + 1)).
-10
-11 + 5 + 5 + 1 + -1 + 6
5
What is the value of 6 + (-5 - -14 - 4) - (7 + -9)?
13
(7 - -6) + (8 - 0) + (-95 - -94)
20
10 - (-32 - -39 - (12 - 1) - 0)
14
1 - (-6 + (-16 - -12))
11
Calculate -1 + (11 - ((8 - 2) + -6)).
10
Calculate (2 - (13 - 7)) + 15.
11
Calculate 445 + -438 + 6 + 0.
13
11 + 0 + 7 + -9
9
What is -5 - (-2 - (1 + -1))?
-3
Evaluate -11 - 38 - (-11 - 4).
-34
What is the value of 41 - (-31 + 21 + 37)?
14
Evaluate -11 + (25 + -8 - 11) + 4.
-1
What is -15 + (35 - 15) + 1 + 2 + -15?
-7
19 - (18 - (36 + -5))
32
Calculate (-11 + (-7 - -9) - -8) + -8.
-9
Evaluate -3 + (1 + (-1 - -3) + 1 - 3).
-2
What is 4 + (3 - (1 + 0)) + (-9 - 4)?
-7
(7 - 8) + 18 - 6
11
Evaluate -1 + 19 + -3 + (2 - -1) + -5.
13
What is the value of 1 + -7 + 7 + -5 + -5?
-9
What is -1 + 1 + 7 + (-17 - -27)?
17
Calculate 6 - (3 - (1 + -1 - 1) - 4).
6
What is the value of (-5 - 7) + -2 + 20?
6
What is (-2 - 4) + (45 - 26)?
13
What is -7 + -1 - (-180 - -165)?
7
Evaluate (-33 - -2) + -15 + (30 - 10) + 8.
-18
What is 1 - 18 - (8 - (28 + -13))?
-10
What is the value of 9 + (-19 - -20 - 15)?
-5
2 + (-5 - (-4 + 9))
-8
What is -15 - (-2 - (-14 - 4 - -14))?
-17
What is the value of (3 - 1) + (-2 - -9 - 5)?
4
What is the value of 0 + -1 + -5 + -6 + (13 - -6)?
7
What is -18 + -5 - (183 - 185)?
-21
What is 5 - (-4 - -5) - (-5 + 3 + -2)?
8
What is -3 + 4 + (-43 - -55) - 0?
13
What is -27 + -27 + 20 + (-3 - -3) + 15?
-19
Calculate -20 + -8 + -19 + 63.
16
What is the value of -1 + 0 + 118 + -117 - 1?
-1
Calculate 4 + (-4 - (14 + 3 - 27)).
10
What is the value of 9 + ((-6 - -11) + 1 - 3)?
12
What is 3 - (-34 - (-59 - -28))?
6
Evaluate (-2 + 5 - -13) + -5 + (-2 - -1).
10
Evaluate (4 - (-9 - 7)) + -25.
-5
16 + -11 + 25 + -48
-18
2 + 2 - -4 - ((-4 - 3) + 5)
10
Evaluate (38 + -14 + -17 - 22) + -2.
-17
Evaluate (25 + -48 - -15) + 26.
18
What is the value of -3 + -4 + 4 - (66 - 51)?
-18
What is the value of 15 - 3 - (17 - 7)?
2
(52 - 50) + (-2 - 0) + 0
0
What is (1 - -28) + (874 - 879)?
24
Calculate 4 - (-17 - ((-3 - 4) + -12)).
2
-23 + (-7 - -22) + -9
-17
Evaluate 7 + 31 + (22 - 71).
-11
-43 + (12 + -12 - -30)
-13
Calculate -7 + (-3 + 11 - (3 - 2)) + -9.
-9
18 + -42 + 64 - 33
7
(2 - 1) + 2 - (16 - 11 - -6)
-8
Evaluate -1 + 7 + 11 + 2.
19
Evaluate 88 - 79 - (14 + 1).
-6
3 + -4 + (13 - 5) + -17 + 1
-9
Evaluate -13 + -2 - (0 - 22).
7
Calculate 2 + 10 + -1 + 10 + -11.
10
Evaluate (20 + -10 - (5 - 0)) + -28.
-23
What is the value of -20 - (-5 - (-6 + (-21 - -8)))?
-34
Calculate -29 - (12 - 29) - (0 + -2).
-10
What is (-4 - (-28 - -32)) + -9?
-17
Calculate -25 + (31 - 39) - -17.
-16
What is the value of 76 + -92 + 14 + (-1 - 3) + -1?
-7
What is the value of 4 + 0 - -17 - 11?
10
42 + 0 - ((92 - 109) + (2 - -24))
33
(-7 - 0) + (-194 + 213 - (2 + -1))
11
Evaluate 8 + (7 - -5 - ((6 - 4) + 3)).
15
Evaluate (7 + (19 - 33) - -5) + -15 + -2.
-19
Calculate (0 - -15) + -2 - (10 + -3 + -1).
7
What is -14 - -2 - -4 - (-7 + 2) - -7?
4
Evaluate (-1 - (-20 - -10)) + -23 + 3 + -2.
-13
What is the value of (29 - 24 - 7) + 21?
19
What is -21 + (-18 - (-31 - -8))?
-16
(-6 - 1 - ((0 - 6) + -6)) + -3
2
Calculate 86 + -78 - (8 - 1).
1
Calculate (0 - 25 - ((4 - -20) + -24)) + 3.
-22
What is the value of 7 + 74 + -76 - (-21 + 0 + -2)?
28
Evaluate 